Let g be 3 + (-4 + 22)/(-2). Let s be m(g). Let j(f) = -f**3 + 2*f**2 + f - 3. Calculate j(s).
-9
Let q(i) be the first derivative of 2*i**2 - 4*i + 134. Calculate q(6).
20
Let z be 35/(-63) - 8/18. Let c(k) = 16*k**2 - 27*k**2 + 13*k**2 + k - k**3. Calculate c(z).
2
Let z(j) = j**3 + 10*j**2 + 4*j. Let d(w) = w**2 + w + 1. Let o(p) = -6*d(p) + z(p). Let u(y) = -3*y**2 - 1. Let f be 6/27 + 21/27. Let a be u(f). Give o(a).
2
Let b(g) = -4 + 4 - 2*g**2 - 3*g. Let y(z) = z**2 + 18*z + 70. Let p be y(-12). What is b(p)?
-2
Suppose -29*l + 34*l - 25 = 0. Suppose l*w + 16 - 21 = 0. Let d(y) be the third derivative of -3*y**4/8 + 2*y**2. Give d(w).
-9
Let r(o) = -o**3 + 7*o**2 + 9*o - 11. Suppose -2*z = -4*h + 8*h - 12, -4*z = -4*h - 36. Determine r(z).
-3
Let n(h) = h**2 + 10*h - 13. Suppose 8*o + 758 = 662. Determine n(o).
11
Let g be (-9 + 32/8)/1. Let o be (-6)/9*(-18)/4. Let q(k) = 5*k**2 + 4*k + 2*k**3 + 0*k**o + k**2 - 4 - k**3. Give q(g).
1
Let k(d) = d**2 - 2*d - 2. Suppose 11*b = 2 + 9. Let x be -2 - (0/b)/(14/7). What is k(x)?
6
Let m(u) = -u**3 + 19*u**2 - u + 7. Suppose -5*d = 5, -3*t = -4*t + d + 20. Determine m(t).
-12
Let t(q) = q**2 + 3*q - 2. Let y = 48 + -47. Let c(p) = -5*p**2. Let v be c(y). What is t(v)?
8
Let o be 17220/1470 - 10/14. Let t(j) be the first derivative of 1/4*j**4 - 5/3*j**3 + 2*j + o + 0*j**2. Calculate t(5).
2
Suppose -5*o - 510 = -11*o. Let t = o - 89. Let m(j) = j**2 + j - 4. Calculate m(t).
8
Let r(z) be the first derivative of z**5/60 + z**4/3 + z**3 + 8*z**2 - 4. Let f(j) be the second derivative of r(j). What is f(-8)?
6
Let b(z) be the first derivative of 5*z**2/2 - 6*z + 24. Calculate b(-5).
-31
Suppose -7*a + 54 = -9. Let r(z) = -121 + 122 + a*z**2 - 6*z + 4*z. Calculate r(1).
8
Let i(y) = -7. Let w(k) = -2*k + 16. Let z(h) = 6*i(h) + 2*w(h). What is z(-7)?
18
Let s(g) be the third derivative of 1/120*g**6 - 5/6*g**3 - 9*g**2 + 0 - 7/24*g**4 + 0*g - 7/60*g**5. Give s(8).
3
Let i be 8/(-12) + (-34)/(-6). Let r be 8 + (4 - i - 3). Let j(b) = -3*b + 5. Calculate j(r).
-7
Let f = -49 - -57. Let k(r) = -5*r**3 + 8*r**2 - 8. Let y(n) = -9*n**3 + 16*n**2 - 16. Let c(x) = -7*k(x) + 4*y(x). What is c(f)?
-8
Suppose -105*u = -137*u - 64. Let i(v) = -v**2 - 3*v + 2. Calculate i(u).
4
Let d(z) = -10 - 14*z + 17*z + z + 7*z**2 + 2 + z**3. Calculate d(-6).
4
Let q(x) = -11*x + 12*x + 1 + 1. Let u(g) = -g**2 - 6*g + 10. Let m be u(-7). Let t be 0 + m + 0/(-5). Give q(t).
5
Let s(z) = 6*z**2 + z - 1. Suppose 4*j = -13 + 5. Calculate s(j).
21
Let s = -12 - -6. Let x(k) = -13*k**2 + 6*k**2 - 9 + k**3 - 14*k + 6*k + 12*k**2. What is x(s)?
3
Let g(l) = -6*l**3 - 65*l**2 + 44*l + 91. Let x(q) = q**3 + 13*q**2 - 9*q - 18. Let j(a) = 2*g(a) + 11*x(a). Give j(12).
-4
Suppose 46 = -4*f + 5*y, -2*f = -5*f + 2*y - 31. Let u be 0/(3/f*-3). Let o(l) = 58 - l**3 - 41 - 33 - l. Determine o(u).
-16
Let x = -34 + 35. Let w(y) = x + 2*y - y**3 + 6*y - 8*y**2 + y**2. Give w(-8).
1
Let v(o) = o**2 + 2*o + 1. Let a = 128 + -132. Calculate v(a).
9
Let c(l) be the second derivative of -l**4/12 - 11*l**3/6 - 9*l**2 + 713*l. Calculate c(-12).
-30
Let v = -1856 + 1860. Let k(s) = -4*s + 15. Let a(q) = -q + 5. Let z(b) = -11*a(b) + 4*k(b). Calculate z(v).
-15
Let b(v) be the first derivative of 0*v - 11/2*v**2 + 1/10*v**6 - 2 + 1/60*v**5 + 1/24*v**4 - 1/6*v**3. Let t(s) be the second derivative of b(s). Give t(1).
13
Let h(o) = o**3 - o**2 - 2*o - 1. Let p be 8/4 - (0 - -3). Let y(g) = -1 - 4*g**3 - 4*g - 2*g**2 - 12*g + 0 + 14*g. Let m be y(p). What is h(m)?
11
Let x(h) = -2*h**2. Suppose 17*f = 9*f + 16. Calculate x(f).
-8
Let o(v) = v**3 - 8*v**2 + 9. Let i be o(8). Let w(z) = -z**3 - 1102*z**2 + 32 - 36 + 1111*z**2. What is w(i)?
-4
Let l(n) = -n**3 + 29*n**2 - 54*n + 8. Let q be l(27). Let h(o) = -o**3 + 7*o**2 + 9*o - 12. Determine h(q).
-4
Suppose 9*p = 7*p + 8. Let t be 0*(p/1)/(-8). Let u(a) = -a - 3. What is u(t)?
-3
Let t(y) be the third derivative of -1/6*y**3 + 0 + 0*y + 1/8*y**4 + 29*y**2. Calculate t(-4).
-13
Let z(c) = c**2 - 6. Let m be 1 + 4 + -33 + 31. Suppose -m*o + o = 0. Determine z(o).
-6
Let v(g) = 2*g**3 - 11*g**2 + g - 4. Let q = -2158 - -2164. Give v(q).
38
Let p(a) = a**2 + 13*a - 14. Suppose 2*o = r + 8, 0 = -r + 4*r - 4*o + 30. Give p(r).
0
Let v = -49 - -53. Let k(p) be the third derivative of p**2 - 1/24*p**v + 0 + 0*p**3 + 0*p. Give k(5).
-5
Let p(v) = -6*v**3 + 12*v. Let a(y) = -5*y**3 + y**2 + 10*y - 1. Let f(b) = -5*a(b) + 4*p(b). What is f(5)?
-5
Suppose -8 = -31*r + 178. Let n(i) be the first derivative of -2*i**2 + 2 + 1/3*i**3 - 3*i. Determine n(r).
9
Let h(w) be the first derivative of w**2/2 + 3*w - 54. Give h(-7).
-4
Let c(j) = -j + 2. Let k be c(-5). Let x(h) = 14*h - k*h - 6*h + 2 - h**2. What is x(-2)?
-4
Let s(h) = 4*h - 11 - 7 - 10*h + 21. Let u be 2*(-3)/15*-5. Calculate s(u).
-9
Let n(l) be the second derivative of -1/6*l**4 - l**2 - 1/2*l**3 - 1/20*l**5 - 23*l + 0. What is n(-2)?
4
Let c(z) = -z**2 + 12*z - 22. Let m be c(9). Suppose 0 = -5*w - 4*r - 4, 0 = m*w + r + 4 - 3. Let n(i) = i**2 - i + 5. Calculate n(w).
5
Suppose -2*r - 14 = 5*o - 3, -13 = r + 5*o. Let j(x) = 2*x**3 - x**3 + 3*x**2 - 1 + 2*x**3 - 2*x**r. Give j(1).
3
Suppose 8 = 3*v - 0*h - 2*h, 3*h = -4*v + 22. Suppose -4 = v*f + 20. Let j(b) be the first derivative of -b**4/4 - 2*b**3 - b**2/2 - 6*b + 938. Determine j(f).
0
Let g = 27 - 24. Let f(v) = 3*v - 1 - 12*v + 7*v + g*v. Let x be 0 - (-4 + (-3 - -1)). Calculate f(x).
5
Let t be 4/6 + (-704)/(-132). Let h(l) = 2*l**2 - 9*l - 8. Determine h(t).
10
Let t(d) be the third derivative of -d**5/60 + d**4/6 + 19*d**2. Let q(f) = 2*f - 10. Let i be q(8). Determine t(i).
-12
Let d(n) = 13*n**3 - 17*n**2 - 8*n + 3. Let m(o) = -11*o**3 + 16*o**2 + 7*o - 2. Let g(t) = 6*d(t) + 7*m(t). Calculate g(-10).
-6
Let g(k) = -3*k - 1. Let y(c) = -c. Let u(s) = 2*g(s) - 9*y(s). Let l = 24 - 22. Suppose -2*q = 2*q + 4, n = -l*q + 1. Determine u(n).
7
Let x(z) = z**3 - 5*z**2 - 4*z - 9. Let o be 4/6 - (-448)/84. Calculate x(o).
3
Let g(n) = -n + 1005 - 2*n**3 + 3*n**3 - 1012 - 6*n**2. Calculate g(6).
-13
Let a be 92/(-6) - 0 - 28/42. Let p be (-75)/10 + (-2)/a*4. Let f(j) = -3*j + 5. Let n(h) = h - 3. Let t(y) = -4*f(y) - 10*n(y). Determine t(p).
-4
Let a(f) be the third derivative of -f**5/30 - 7*f**4/24 - 2*f**3/3 + 86*f**2. What is a(-4)?
-8
Let j = -19 + 34. Suppose 2*d - 3*k = j, -2*k = d + d. Let m(a) = -a + 2 - a + 2*a + d*a. Calculate m(-3).
-7
Let s = -4 - -5. Let p(o) be the first derivative of -o**7/120 + o**5/120 + 26*o**3/3 + 3. Let c(m) be the third derivative of p(m). Give c(s).
-6
Let z = -16 + 17. Let o(i) = 3*i - 12*i + 2 - 1. Calculate o(z).
-8
Let f be (-12)/(-5)*(-45)/(-18)*33. Let v(y) = y**2 + y**2 + f*y - 192*y - 3 - y**2. Give v(-5).
-8
Let a(h) = -h**2 - 6*h - 1. Let q be (-104)/(-3) + 0 + (-4)/6. Let z = q + -38. Give a(z).
7
Let j be (30 - 478/16)/(0 - 1/(-16)). Let v(k) = 1 - 1 - 2 - 5*k. Calculate v(j).
-12
Let c(m) = 2*m - 15. Let h be c(5). Let l be 2 + 0 + (-3 - h). Let u(d) = 2*d - 3. What is u(l)?
5
Let i(z) = z + 15. Let v = 433 - 437. Determine i(v).
11
Suppose 3*m + 642 - 633 = 0. Let c(p) be the first derivative of 0*p - 2*p**2 + 1/4*p**4 + 1/3*p**3 + 1. What is c(m)?
-6
Let a = -581 - -587. Let d(m) = m - 4. Calculate d(a).
2
Let f(x) = 16*x - 73. Let b be f(5). Let w(l) be the first derivative of -l**2/2 + 4*l - 2. Calculate w(b).
-3
Let y(l) = -l**2 - 7*l - 2. Suppose -z + 0*z = 2. Let g(f) = 4*f - 10 + 17 - 5. Let n be g(z). What is y(n)?
4
Let q(m) = -m**2 + 13*m - 20. Let w(n) = n**2 + 45*n + 503. Let v be w(-19). What is q(v)?
16
Let g(b) = 6*b**2 + b - 6. Let i be g(2). Let c be (24/i)/((-6)/40). Let m be c/(-2 - 0) - -2. Let s(x) = -x**2 + 5*x + 2. Determine s(m).
-4
Let o(y) = -y**3 + 2*y**2 - 1. Let l be 16 + -13 - (1 + 1). Let v be -6*3/(-6)*l. What is o(v)?
-10
Let j(u) = 3*u**2 + 2*u. Suppose 4*i = 5*o + 6, i = 11*o - 6*o + 9. Give j(o).
8
Let g(o) = -6*o - 2. Let v = 30 + -316. Let p be (-2)/(-10) - v/(-130). Give g(p).
10
Suppose -4*g - 23 = -3. Let r = -2 - g. Let p(b) = 1 + b**2 - 5 + 3 - 4*b. Give p(r).
-4
Let v(x) = x**3 - 2*x**2 + 3*x + 7. Let d(f) = -f**3 + 3*f**2 - f - 7. Let k(a) = -5*d(a) - 4*v(a). Determine k(7).
-42
Let t(h) = h +